{"id":3,"date":"2022-12-31T11:26:56","date_gmt":"2022-12-31T11:26:56","guid":{"rendered":"http:\/\/ggunity.com\/?page_id=3"},"modified":"2023-01-06T00:00:02","modified_gmt":"2023-01-06T00:00:02","slug":"legal-notice-mentions-legales","status":"publish","type":"page","link":"https:\/\/www.ggunity.com\/index.php\/legal-notice-mentions-legales\/","title":{"rendered":"LEGAL NOTICE \/ MENTIONS LEGALES"},"content":{"rendered":"\t\t<div data-elementor-type=\"wp-page\" data-elementor-id=\"3\" class=\"elementor elementor-3\">\n\t\t\t\t\t\t\t\t\t<section class=\"elementor-section elementor-top-section elementor-element elementor-element-37618b09 elementor-section-boxed elementor-section-height-default elementor-section-height-default\" data-id=\"37618b09\" data-element_type=\"section\">\n\t\t\t\t\t\t<div class=\"elementor-container elementor-column-gap-no\">\n\t\t\t\t\t<div class=\"elementor-column elementor-col-100 elementor-top-column elementor-element elementor-element-7b483ac5\" data-id=\"7b483ac5\" data-element_type=\"column\">\n\t\t\t<div class=\"elementor-widget-wrap elementor-element-populated\">\n\t\t\t\t\t\t\t\t<div class=\"elementor-element elementor-element-091b670 elementor-align-center elementor-widget elementor-widget-button\" data-id=\"091b670\" data-element_type=\"widget\" data-widget_type=\"button.default\">\n\t\t\t\t<div class=\"elementor-widget-container\">\n\t\t\t\t\t<div class=\"elementor-button-wrapper\">\n\t\t\t<a href=\"https:\/\/ggunity.com\/index.php\/home\/\" class=\"elementor-button-link elementor-button elementor-size-md\" role=\"button\">\n\t\t\t\t\t\t<span class=\"elementor-button-content-wrapper\">\n\t\t\t\t\t\t\t<span class=\"elementor-button-icon elementor-align-icon-left\">\n\t\t\t\t<svg aria-hidden=\"true\" class=\"e-font-icon-svg e-fas-home\" viewBox=\"0 0 576 512\" xmlns=\"http:\/\/www.w3.org\/2000\/svg\"><path d=\"M280.37 148.26L96 300.11V464a16 16 0 0 0 16 16l112.06-.29a16 16 0 0 0 15.92-16V368a16 16 0 0 1 16-16h64a16 16 0 0 1 16 16v95.64a16 16 0 0 0 16 16.05L464 480a16 16 0 0 0 16-16V300L295.67 148.26a12.19 12.19 0 0 0-15.3 0zM571.6 251.47L488 182.56V44.05a12 12 0 0 0-12-12h-56a12 12 0 0 0-12 12v72.61L318.47 43a48 48 0 0 0-61 0L4.34 251.47a12 12 0 0 0-1.6 16.9l25.5 31A12 12 0 0 0 45.15 301l235.22-193.74a12.19 12.19 0 0 1 15.3 0L530.9 301a12 12 0 0 0 16.9-1.6l25.5-31a12 12 0 0 0-1.7-16.93z\"><\/path><\/svg>\t\t\t<\/span>\n\t\t\t\t\t\t<span class=\"elementor-button-text\">Back to Home<\/span>\n\t\t<\/span>\n\t\t\t\t\t<\/a>\n\t\t<\/div>\n\t\t\t\t<\/div>\n\t\t\t\t<\/div>\n\t\t\t\t<div class=\"elementor-element elementor-element-103c554b elementor-drop-cap-yes elementor-drop-cap-view-default elementor-invisible elementor-widget elementor-widget-text-editor\" data-id=\"103c554b\" data-element_type=\"widget\" data-settings=\"{&quot;_animation&quot;:&quot;fadeIn&quot;,&quot;drop_cap&quot;:&quot;yes&quot;}\" data-widget_type=\"text-editor.default\">\n\t\t\t\t<div class=\"elementor-widget-container\">\n\t\t\t<style>\/*! elementor - v3.9.2 - 21-12-2022 *\/\n.elementor-widget-text-editor.elementor-drop-cap-view-stacked .elementor-drop-cap{background-color:#818a91;color:#fff}.elementor-widget-text-editor.elementor-drop-cap-view-framed .elementor-drop-cap{color:#818a91;border:3px solid;background-color:transparent}.elementor-widget-text-editor:not(.elementor-drop-cap-view-default) .elementor-drop-cap{margin-top:8px}.elementor-widget-text-editor:not(.elementor-drop-cap-view-default) .elementor-drop-cap-letter{width:1em;height:1em}.elementor-widget-text-editor .elementor-drop-cap{float:left;text-align:center;line-height:1;font-size:50px}.elementor-widget-text-editor .elementor-drop-cap-letter{display:inline-block}<\/style>\t\t\t\t<p><strong><u>LEGAL NOTICE\/MENTIONS LEGALES &amp; CONFIDENTIALITE<\/u><\/strong><\/p>\n<p>1-\u00c9dition du site internet: Le site \u00ab ggunity.com \u00bb est \u00e9dit\u00e9 par GG Unity.<\/p>\n<p><strong>Coordonn\u00e9es:<\/strong><\/p>\n<ul>\n<li>Adresse: 59, Avenue Edouard Vaillant, 92100 Boulogne Billancourt<\/li>\n<li>T\u00e9l\u00e9phone: 0776693638<\/li>\n<li>Courriel: contact@ggunity.com<\/li>\n<\/ul>\n<p>2-R\u00e9daction du site internet: Le directeur de la publication du site est DamPunisher. Pour toute question ou demande, vous pouvez le contacter \u00e0 l\u2019adresse suivante: <a href=\"mailto:contact@ggunity.com\">contact@ggunity.com<\/a><\/p>\n<p>3-H\u00e9bergement du site internet: Le site \u00ab mygg.shop \u00bb est h\u00e9berg\u00e9 par HOSTINGER, dont le si\u00e8ge social est situ\u00e9 \u00e0 l\u2019adresse suivante: HOSTINGER INTERNATIONAL LTD, 61 Lordou Vironos Street, 6023 LARNACA, CHYPRE. Vous pouvez contacter HOSTINGER \u00e0 l\u2019adresse suivante:&nbsp;<a href=\"https:\/\/www.hostinger.fr\/contact\">https:\/\/www.hostinger.fr\/contact<\/a><\/p>\n<p>4-Responsabilit\u00e9 de la propri\u00e9t\u00e9 intellectuelle: Tous les \u00e9l\u00e9ments du site \u00ab ggunity.com \u00bb, tels que les photographies, vid\u00e9os, montages, NFT, noms de collections, illustrations, textes, marques, sons, ainsi que tous les applicatifs con\u00e7us sur ce site, sont prot\u00e9g\u00e9s par les lois en vigueur sur la propri\u00e9t\u00e9 intellectuelle. Ils sont la propri\u00e9t\u00e9 pleine et enti\u00e8re des \u00e9diteurs de ce site, sauf mention contraire.<\/p>\n<p>Toute reproduction, utilisation ou adaptation de ces \u00e9l\u00e9ments sans l\u2019accord \u00e9crit des \u00e9diteurs est strictement interdite. L\u2019absence de poursuites imm\u00e9diates de la part des \u00e9diteurs suite \u00e0 la prise de connaissance de ces utilisations non autoris\u00e9es ne signifie pas acceptation de ces utilisations et renonciation \u00e0 toute poursuite.<\/p>\n<ul>\n<li>Seule l\u2019utilisation \u00e0 des fins priv\u00e9es au sein d\u2019un cercle familial peut \u00eatre autoris\u00e9e. Toute autre utilisation sera sanctionn\u00e9e par le Code de la propri\u00e9t\u00e9 intellectuelle.<\/li>\n<\/ul>\n<ul>\n<li>La reprise de tout ou partie de ce contenu n\u00e9cessite l\u2019autorisation pr\u00e9alable des \u00e9diteurs.<\/li>\n<\/ul>\n<p>5-Liens hypertextes: Le site \u00ab ggunity.com \u00bb et tous ses produits et services peuvent contenir des liens hypertextes menant \u00e0 d\u2019autres sites web \u00e9dit\u00e9s et g\u00e9r\u00e9s par des tiers et non par les \u00e9diteurs. Les \u00e9diteurs ne peuvent \u00eatre tenus responsables, directement ou indirectement, si ces sites tiers ne respectent pas les dispositions l\u00e9gales.<\/p>\n<p>6-Conditions d\u2019utilisation: L\u2019acc\u00e8s et l\u2019utilisation du site \u00ab ggunity.com \u00bb sont soumis aux conditions d\u2019utilisation suivantes. En acc\u00e9dant et en utilisant ce site, vous acceptez ces conditions d\u2019utilisation. Si vous n\u2019acceptez pas ces conditions, veuillez ne pas utiliser ce site.<\/p>\n<p>7-Limitation de responsabilit\u00e9: Les \u00e9diteurs du site \u00ab ggunity.com \u00bb ne peuvent \u00eatre tenus responsables des dommages directs ou indirects r\u00e9sultant de l\u2019acc\u00e8s ou de l\u2019utilisation de ce site, y compris les dommages caus\u00e9s par des virus ou des bogues informatiques.<\/p>\n<p>8-Modification des conditions d\u2019utilisation: Les \u00e9diteurs du site \u00ab ggunity.com \u00bb se r\u00e9servent le droit de modifier \u00e0 tout moment les conditions d\u2019utilisation de ce site. Ces modifications entreront en vigueur d\u00e8s leur publication sur le site. Il est de votre responsabilit\u00e9 de consulter r\u00e9guli\u00e8rement les conditions d\u2019utilisation pour vous tenir inform\u00e9 des \u00e9ventuelles modifications.<\/p>\n<p>9-Protection des donn\u00e9es personnelles: Les \u00e9diteurs du site \u00ab ggunity.com \u00bb s\u2019engagent \u00e0 prot\u00e9ger la vie priv\u00e9e de leurs utilisateurs. Pour plus d\u2019informations sur la collecte et l\u2019utilisation de vos donn\u00e9es personnelles, veuillez consulter notre politique de confidentialit\u00e9.<\/p>\n<p><strong>10-Confidentialit\u00e9<\/strong><\/p>\n<p>L\u2019adresse de notre site est : https:\/\/www.ggunity.com<\/p>\n<p>Quand vous laissez un commentaire sur notre site, les donn\u00e9es inscrites dans le formulaire de commentaire, ainsi que votre adresse IP et l\u2019agent utilisateur de votre navigateur sont collect\u00e9s pour nous aider \u00e0 la d\u00e9tection des commentaires ind\u00e9sirables. Une cha\u00eene anonymis\u00e9e cr\u00e9\u00e9e \u00e0 partir de votre adresse e-mail (\u00e9galement appel\u00e9e hash) peut \u00eatre envoy\u00e9e au service Gravatar pour v\u00e9rifier si vous utilisez ce dernier. Les clauses de confidentialit\u00e9 du service Gravatar sont disponibles ici : https:\/\/automattic.com\/privacy\/. Apr\u00e8s validation de votre commentaire, votre photo de profil sera visible publiquement \u00e0 cot\u00e9 de votre commentaire.<\/p>\n<p>Si vous t\u00e9l\u00e9versez des images sur le site, nous vous conseillons d\u2019\u00e9viter de t\u00e9l\u00e9verser des images contenant des donn\u00e9es EXIF de coordonn\u00e9es GPS. Les personnes visitant votre site peuvent t\u00e9l\u00e9charger et extraire des donn\u00e9es de localisation depuis ces images.<\/p>\n<p>Si vous d\u00e9posez un commentaire sur notre site, il vous sera propos\u00e9 d\u2019enregistrer votre nom, adresse e-mail et site dans des cookies. C\u2019est uniquement pour votre confort afin de ne pas avoir \u00e0 saisir ces informations si vous d\u00e9posez un autre commentaire plus tard. Ces cookies expirent au bout d\u2019un an. Si vous vous rendez sur la page de connexion, un cookie temporaire sera cr\u00e9\u00e9 afin de d\u00e9terminer si votre navigateur accepte les cookies.<\/p>\n<p>Il ne contient pas de donn\u00e9es personnelles et sera supprim\u00e9 automatiquement \u00e0 la fermeture de votre navigateur.<\/p>\n<p>Lorsque vous vous connecterez, nous mettrons en place un certain nombre de cookies pour enregistrer vos informations de connexion et vos pr\u00e9f\u00e9rences d\u2019\u00e9cran. La dur\u00e9e de vie d\u2019un cookie de connexion est de deux jours, celle d\u2019un cookie d\u2019option d\u2019\u00e9cran est d\u2019un an. Si vous cochez \u00ab&nbsp;Se souvenir de moi&nbsp;\u00bb, votre cookie de connexion sera conserv\u00e9 pendant deux semaines. Si vous vous d\u00e9connectez de votre compte, le cookie de connexion sera effac\u00e9.<\/p>\n<p>En modifiant ou en publiant une publication, un cookie suppl\u00e9mentaire sera enregistr\u00e9 dans votre navigateur. Ce cookie ne comprend aucune donn\u00e9e personnelle. Il indique simplement l\u2019ID de la publication que vous venez de modifier. Il expire au bout d\u2019un jour.<\/p>\n<p>Les articles de ce site peuvent inclure des contenus int\u00e9gr\u00e9s (par exemple des vid\u00e9os, images, articles\u2026). Le contenu int\u00e9gr\u00e9 depuis d\u2019autres sites se comporte de la m\u00eame mani\u00e8re que si le visiteur se rendait sur cet autre site. Ces sites web pourraient collecter des donn\u00e9es sur vous, utiliser des cookies, embarquer des outils de suivis tiers, suivre vos interactions avec ces contenus embarqu\u00e9s si vous disposez d\u2019un compte connect\u00e9 sur leur site web.<\/p>\n<p>Si vous demandez une r\u00e9initialisation de votre mot de passe, votre adresse IP sera incluse dans l\u2019e-mail de r\u00e9initialisation.<\/p>\n<p>Si vous laissez un commentaire, le commentaire et ses m\u00e9tadonn\u00e9es sont conserv\u00e9s ind\u00e9finiment. Cela permet de reconna\u00eetre et approuver automatiquement les commentaires suivants au lieu de les laisser dans la file de mod\u00e9ration.<\/p>\n<p>Pour les comptes qui s\u2019inscrivent sur notre site (le cas \u00e9ch\u00e9ant), nous stockons \u00e9galement les donn\u00e9es personnelles indiqu\u00e9es dans leur profil. Tous les comptes peuvent voir, modifier ou supprimer leurs informations personnelles \u00e0 tout moment (\u00e0 l\u2019exception de leur identifiant). Les gestionnaires du site peuvent aussi voir et modifier ces informations.<\/p>\n<p>Si vous avez un compte ou si vous avez laiss\u00e9 des commentaires sur le site, vous pouvez demander \u00e0 recevoir un fichier contenant toutes les donn\u00e9es personnelles que nous poss\u00e9dons \u00e0 votre sujet, incluant celles que vous nous avez fournies. Vous pouvez \u00e9galement demander la suppression des donn\u00e9es personnelles vous concernant. Cela ne prend pas en compte les donn\u00e9es stock\u00e9es \u00e0 des fins administratives, l\u00e9gales ou pour des raisons de s\u00e9curit\u00e9.<\/p>\n<p>Les commentaires des visiteurs peuvent \u00eatre v\u00e9rifi\u00e9s \u00e0 l\u2019aide d\u2019un service automatis\u00e9 de d\u00e9tection des commentaires ind\u00e9sirables.<\/p>\t\t\t\t\t\t<\/div>\n\t\t\t\t<\/div>\n\t\t\t\t<div class=\"elementor-element elementor-element-9f6b0be elementor-align-center elementor-widget elementor-widget-button\" data-id=\"9f6b0be\" data-element_type=\"widget\" data-widget_type=\"button.default\">\n\t\t\t\t<div class=\"elementor-widget-container\">\n\t\t\t\t\t<div class=\"elementor-button-wrapper\">\n\t\t\t<a href=\"https:\/\/ggunity.com\/index.php\/home\/\" class=\"elementor-button-link elementor-button elementor-size-md\" role=\"button\">\n\t\t\t\t\t\t<span class=\"elementor-button-content-wrapper\">\n\t\t\t\t\t\t\t<span class=\"elementor-button-icon elementor-align-icon-left\">\n\t\t\t\t<svg aria-hidden=\"true\" class=\"e-font-icon-svg e-fas-home\" viewBox=\"0 0 576 512\" xmlns=\"http:\/\/www.w3.org\/2000\/svg\"><path d=\"M280.37 148.26L96 300.11V464a16 16 0 0 0 16 16l112.06-.29a16 16 0 0 0 15.92-16V368a16 16 0 0 1 16-16h64a16 16 0 0 1 16 16v95.64a16 16 0 0 0 16 16.05L464 480a16 16 0 0 0 16-16V300L295.67 148.26a12.19 12.19 0 0 0-15.3 0zM571.6 251.47L488 182.56V44.05a12 12 0 0 0-12-12h-56a12 12 0 0 0-12 12v72.61L318.47 43a48 48 0 0 0-61 0L4.34 251.47a12 12 0 0 0-1.6 16.9l25.5 31A12 12 0 0 0 45.15 301l235.22-193.74a12.19 12.19 0 0 1 15.3 0L530.9 301a12 12 0 0 0 16.9-1.6l25.5-31a12 12 0 0 0-1.7-16.93z\"><\/path><\/svg>\t\t\t<\/span>\n\t\t\t\t\t\t<span class=\"elementor-button-text\">Back to Home<\/span>\n\t\t<\/span>\n\t\t\t\t\t<\/a>\n\t\t<\/div>\n\t\t\t\t<\/div>\n\t\t\t\t<\/div>\n\t\t\t\t\t<\/div>\n\t\t<\/div>\n\t\t\t\t\t\t\t<\/div>\n\t\t<\/section>\n\t\t\t\t\t\t\t<\/div>\n\t\t","protected":false},"excerpt":{"rendered":"<p>Back to Home LEGAL NOTICE\/MENTIONS LEGALES &amp; CONFIDENTIALITE 1-\u00c9dition du site internet: Le site \u00ab ggunity.com \u00bb est \u00e9dit\u00e9 par GG Unity. Coordonn\u00e9es: Adresse: 59, Avenue Edouard Vaillant, 92100 Boulogne Billancourt T\u00e9l\u00e9phone: 0776693638 Courriel: contact@ggunity.com 2-R\u00e9daction du site internet: Le directeur de la publication du site est DamPunisher. Pour toute question ou demande, vous pouvez [&hellip;]<\/p>\n","protected":false},"author":1,"featured_media":0,"parent":0,"menu_order":0,"comment_status":"closed","ping_status":"closed","template":"elementor_theme","meta":{"footnotes":""},"class_list":["post-3","page","type-page","status-publish","hentry"],"_links":{"self":[{"href":"https:\/\/www.ggunity.com\/index.php\/wp-json\/wp\/v2\/pages\/3"}],"collection":[{"href":"https:\/\/www.ggunity.com\/index.php\/wp-json\/wp\/v2\/pages"}],"about":[{"href":"https:\/\/www.ggunity.com\/index.php\/wp-json\/wp\/v2\/types\/page"}],"author":[{"embeddable":true,"href":"https:\/\/www.ggunity.com\/index.php\/wp-json\/wp\/v2\/users\/1"}],"replies":[{"embeddable":true,"href":"https:\/\/www.ggunity.com\/index.php\/wp-json\/wp\/v2\/comments?post=3"}],"version-history":[{"count":67,"href":"https:\/\/www.ggunity.com\/index.php\/wp-json\/wp\/v2\/pages\/3\/revisions"}],"predecessor-version":[{"id":253,"href":"https:\/\/www.ggunity.com\/index.php\/wp-json\/wp\/v2\/pages\/3\/revisions\/253"}],"wp:attachment":[{"href":"https:\/\/www.ggunity.com\/index.php\/wp-json\/wp\/v2\/media?parent=3"}],"curies":[{"name":"wp","href":"https:\/\/api.w.org\/{rel}","templated":true}]}}